and c.
108
Let i = 1613 + -1615. Let n be (-21)/(-9 - i)*13. Suppose 0 = -h - 0*h + 117. Calculate the highest common divisor of h and n.
39
Let p = 4 - 3. Let k = -7 + 17. Suppose -k*r + 4 = -26. What is the greatest common factor of p and r?
1
Let o be (-2)/(-4)*16/(-7 - -9). Suppose -m + 199 = 3*m - j, -184 = -4*m + o*j. What is the highest common factor of 561 and m?
51
Let f = -345 - -542. Suppose n = 245 + f. Calculate the highest common factor of 26 and n.
26
Suppose h = v, 0 = -v - 22 + 18. Let a be (6/h)/(19/(-532)). Calculate the greatest common factor of a and 18.
6
Let c be 2*4 - (28 - 41). Suppose c*g + 42 = 714. Calculate the greatest common divisor of 16 and g.
16
Let u = -4671 + 9759. What is the highest common factor of u and 477?
159
Let u = 17031 + 1719. What is the greatest common factor of 150 and u?
150
Suppose 0 = 3*r - 227 - 64. Let i = 100 + -163. Let u = i + r. Calculate the greatest common factor of 85 and u.
17
Let g = -7611 + 13416. What is the highest common factor of g and 129?
129
Suppose -34*z + 17*z + 158865 = 0. Suppose -22*m - 479 = -z. What is the highest common divisor of 26 and m?
13
Suppose -45*j = -85 - 57 + 7. Calculate the highest common divisor of 2055 and j.
3
Suppose 1539067 = 114*k + 154*k - 1590905. What is the greatest common divisor of 51 and k?
51
Suppose -p - 2 = 0, 2*p = 3*x + p + 22. Let f = x + 2. Let o = 12 + f. What is the highest common factor of 54 and o?
6
Suppose 9*v - 1452 = 4*v - 3*f, 2*f = 5*v - 1482. What is the highest common divisor of v and 18?
6
Let r(v) = -4*v - 12. Let x be r(-6). Let c = x - 16. Let h be 3 - 20/8 - 446/c. What is the greatest common factor of 14 and h?
14
Let m = -2891 - -4699. Calculate the highest common factor of 16 and m.
16
Let m be 56 + -2 + 24/4 + -2. Let q = 88 - m. Calculate the greatest common factor of q and 6.
6
Suppose 9 - 269 = 20*z. Let d be 104/5 + z/(325/20). Calculate the greatest common factor of 5 and d.
5
Let j(t) = 55*t**3 - 6*t**2 - 7*t - 4. Let a be j(-2). Let g = a + 501. Calculate the greatest common divisor of g and 564.
47
Suppose -v - 50 = -3*u, 3*v + 2*u + 152 = 13. Let f = 45 - v. What is the highest common divisor of f and 23?
23
Let k be ((-50)/100)/(3/12)*-29. What is the greatest common divisor of 5336 and k?
58
Suppose l - 4 = -6, 0 = -4*t + 5*l + 4598. What is the highest common factor of t and 217?
31
Let v = 337 + -329. Suppose -4*w - 2 = p - 13, 4 = 2*w + 2*p. Suppose 0 = f - w*f + 4*j + 24, -3*f = 4*j - 6. What is the greatest common divisor of v and f?
2
Suppose -26*s + 2513 = 849. Calculate the greatest common divisor of s and 56.
8
Let p(x) = -8*x - 64. Let r be p(-9). Suppose -4*i + r = j, -3*i + 4*j = -1 + 14. Calculate the greatest common divisor of i and 1.
1
Suppose 10*k = 282 + 288. Suppose -k*z - 42 = -59*z. Calculate the greatest common divisor of 3 and z.
3
Let w = 25151 - 24733. What is the greatest common factor of w and 950?
38
Let z = 4300 - 4290. Calculate the highest common factor of 2390 and z.
10
Let n = -148 - 134. Let t = n - -297. What is the highest common divisor of t and 105?
15
Let l(q) = 8*q**2 - 17*q - 51. Let a be l(-3). Let w(j) = j**2 - 5*j + 8. Let u be w(7). Suppose -5*c + 68 = -u. What is the highest common factor of a and c?
18
Let a = -30 + 90. Suppose 6*b - a = -12. Let y(g) = -g**3 - 7*g**2 - 8*g - 4. Let k be y(-6). Calculate the greatest common divisor of b and k.
8
Let x = 119 + -64. Let v(w) = -6*w**2 + 16*w - 12. Let a be v(3). Let t = a + x. What is the greatest common factor of 111 and t?
37
Let g(f) = -170*f**3 - f**2 + 3*f - 2. Let p be g(-2). Suppose -9*h - 286 = -p. Suppose 2*v - 224 = h. What is the greatest common factor of 19 and v?
19
Let u be 0 + -2 + 132/2. Let h = -38059 - -38071. Calculate the highest common factor of h and u.
4
Let z(k) = -37*k - 393. Let o be z(-20). Let p = o + -319. Let r be (1 - 0)/((-1)/(-2)). What is the highest common divisor of r and p?
2
Suppose -m - 3*m = -252. Let s = -3842 + 3863. Calculate the greatest common divisor of m and s.
21
Let k = -307 - -485. Suppose k*i + 144 = 181*i. What is the highest common factor of 3 and i?
3
Let n be (2 - (-3)/(-1))/(-1) + 18. Let p(o) = o**2 - 16*o + 21. Let c be p(n). Calculate the highest common factor of 104 and c.
26
Suppose 49106 = 12*p - 61774. Suppose 0 = 4*s + 26*s - p. What is the greatest common factor of 84 and s?
28
Let p be 180/2 + (-3 - -3). Suppose -3*b - 4*n + 651 = 0, -344*b + 345*b - 207 = -3*n. Calculate the highest common divisor of p and b.
45
Let h be 21 - (15/(-3))/5. Suppose h = 6*q - 4*q. Suppose -47 + 7 = -4*l - 4*k, 2*l = 5*k + 27. What is the highest common factor of l and q?
11
Let m(y) = -y - 2. Let w be m(-4). Let b be 2*2/(-6) - (-4)/6. Suppose 5*c - 125 + 15 = b. Calculate the highest common factor of w and c.
2
Suppose -125*q + 980451 + 407549 = 0. What is the highest common factor of 32 and q?
32
Suppose 4*f - 71 = -8*f + 853. Calculate the greatest common divisor of 7 and f.
7
Let m be (-26)/(-10) + -3 + (-206)/10. Let w = 139 - m. Calculate the greatest common factor of 10 and w.
10
Let d(m) = -2*m - 5. Suppose 4*q - 18 + 2 = o, 3*q - 17 = 2*o. Let w be d(o). Suppose -w*g - 84 = -9*g. Calculate the greatest common factor of g and 210.
14
Suppose -3*a + 229 + 187 = 2*i, -5*a = i - 698. Suppose 2 = c - 0*c. Suppose -6 = -c*y + 50. Calculate the greatest common divisor of y and a.
28
Let f be 12 - 196/70*-10. Calculate the greatest common factor of f and 13480.
40
Let p be ((-33877)/9)/(10/(-110)) - 206/927. Calculate the greatest common factor of 35 and p.
35
Let p(z) = 7*z**2 + 45*z + 97. Let g(j) = 4*j**2 + 23*j + 48. Let a(i) = 11*g(i) - 6*p(i). Let h be a(-9). Calculate the greatest common divisor of h and 116.
29
Suppose 4*g - 31*y = -27*y + 124, 0 = 4*g + 4*y - 124. Suppose t - 4*z = g, 4*z = -2*t + 127 - 41. Calculate the highest common factor of t and 143.
13
Let q be 12120/135 - (-2)/9. Suppose -81*o = -q*o + 855. What is the greatest common factor of o and 5?
5
Suppose -22*o - 8*o = -120. Suppose -4*q + o*g + 67 + 65 = 0, 3*g = -5*q + 197. Calculate the highest common factor of 407 and q.
37
Let y(l) = 2*l**2 + 54*l - 197. Let o be y(-31). Let b(s) = -12*s**3 + 2*s**2 + 2*s + 2. Let h be b(-2). What is the highest common divisor of o and h?
51
Let g = -7372 - -7516. Let d(m) be the first derivative of -m**2 + 6*m - 2. Let h be d(-6). What is the highest common divisor of g and h?
18
Suppose -7*d - 101 = -2285. Calculate the highest common factor of d and 60.
12
Let t = 6332 - 6052. What is the greatest common factor of t and 60?
20
Let b(w) = -w**2 - 36*w - 11. Let q be b(6). Let x = q + 575. Calculate the greatest common factor of x and 24.
24
Suppose 285 + 39 = 4*y - 2*q, -194 = -2*y - 3*q. Calculate the highest common factor of y and 6613.
17
Let p(q) = 3*q**3 - 6*q**2 - q - 13. Let o be p(5). Let t(a) = -23*a. Let c be t(-1). Calculate the greatest common factor of c and o.
23
Let g = 801 - 757. Suppose -10 + 1 = 3*i, -3*m - 2*i = 75. Let h = m + g. What is the greatest common factor of h and 3?
3
Let k be 324/6*(2 + -3). Let a = 62 + k. Suppose a*v - 25*v + 1360 = 0. Calculate the highest common factor of v and 48.
16
Let n be 9/2*12/9. Let w(p) = p**3 + 7*p**2 + 3*p + 19. Let t be w(-7). Let l be (t - 64/n)/(42/(-315)). Calculate the highest common factor of 38 and l.
19
Let r = 228 + -123. Let c = 95635 - 95467. Calculate the greatest common divisor of c and r.
21
Let l(r) = -14*r**3 - 15*r**3 - 10*r - 9*r**3 + 8*r**2 + 18 + 39*r**3. Let c be l(-8). Suppose 77 - c = -3*n. What is the greatest common divisor of 21 and n?
7
Let c(y) be the second derivative of 1/6*y**4 - 11*y - 13/6*y**3 + 3/2*y**2 + 0. Let v be c(7). Calculate the greatest common divisor of v and 4.
2
Let k be (3 + -3)*1*-1. Suppose 4*c - q - 24 = k, -c + q = 3*q - 15. Let u be ((-72)/(-10))/(c/140). What is the greatest common divisor of 18 and u?
18
Let a be (-10)/14 - 2/7. Let d be -2*(-1)/(a/(-91)). Let n be ((567/(-28))/27 + 98/(-8))*-2. What is the highest common divisor of n and d?
26
Suppose 2*d + 200 - 488 = 0. Suppose 10*u + 21 = -11*u. Let k be (-42)/(-2) + u + (-4)/2. What is the greatest common divisor of d and k?
18
Let r = -83 + 311. Let j = r + 44. What is